be the second derivative of -y + y**3 + g*y**2 - 1/12*y**4 + 0. Determine h(5).
6
Let p(r) = -r**3 + 6*r**2 - 5*r + 8. Let m(f) = -5*f**2 - 59*f - 38. Let a be m(-11). Determine p(a).
-22
Let y(p) = p**2 - 8*p + 3. Let f = -73 - -134. Let d = -54 + f. Determine y(d).
-4
Let f(h) = h**3 - 3*h**2 - h - 3. Suppose 12 = -3*n, 2*m + 4*n + 10 = -4. Suppose m = 5*a + 6, -5*y = -a - 16. Give f(y).
-6
Let n(z) be the third derivative of -z**5/30 - z**4/4 - 33*z**2. Suppose -3*t + 16 = -4*r, 2*r - t + 4 = r. Determine n(r).
-8
Let o(j) = j**2 + 3*j - 2. Let m(b) = b - 8*b + 0*b + 20 - b**2 - b. Let t be m(-12). Let y = 24 + t. Determine o(y).
2
Let v(f) = -f**2 - 1 + 10*f - 16*f + 11. Let z(r) = -r**2 + 4*r + 7. Let h be z(5). Suppose -3*b - h*w - 3*w - 21 = 0, b = 3*w - 7. What is v(b)?
3
Let f be (-102)/(-12) - 12 - -4. Let s(b) be the first derivative of -f*b**2 + 0*b + 8. Determine s(-7).
7
Let u(k) = -k**3 - 3*k**2 - 4*k - 3. Suppose -14*i + 275 = 317. Determine u(i).
9
Let t be (-1 - (1 + 6))*-1. Let f be 7/35 - (-18)/10. Suppose 0 = 4*r - 5*n - 13, -f*n + t - 2 = 0. Let g(p) = p**3 - 8*p**2 + 7*p - 2. What is g(r)?
-2
Let i(k) = -17*k - 4*k**2 - 10 + 3*k**2 + 20 - 4. Let j(m) = -2*m**2 - 26*m + 9. Let g(z) = 8*i(z) - 5*j(z). What is g(4)?
11
Let k(u) = u**3 + 6*u**2 + 2*u. Let w be (38/(-4) + 8)*(-20)/(-6). Determine k(w).
15
Let x(f) be the second derivative of -f**6/30 - f**5/60 - 19*f**2 - 13*f. Let l(n) be the first derivative of x(n). Give l(-1).
3
Let z(p) = -2*p - 17. Let g(y) = y + 8. Let i(m) = -13*g(m) - 6*z(m). Let c be -5 + (-4 + -2 - -15). Determine i(c).
-6
Let t(i) be the second derivative of i**4/12 - i**3/3 - 2*i**2 - 19*i. Let s = 8 + -4. Suppose 0*g + g = 4*q - 13, s*g = 2*q + 4. Determine t(q).
4
Let u(n) = n. Suppose 2*w - 21 = 19. Let s be (-716)/10 - 8/w. Let f be (-16)/s + (-20)/9. Give u(f).
-2
Let v(d) = -14*d - 26. Let m(r) = -r - 2. Let u be m(4). Let c(j) = -8 - 1 - 5*j + 0. Let k(y) = u*v(y) + 17*c(y). Calculate k(3).
0
Let j(h) = -7*h**3 + 9*h**2 + 21*h + 3. Let b(n) = 15*n**3 - 19*n**2 - 45*n - 6. Let v(d) = -6*b(d) - 13*j(d). Calculate v(4).
1
Let j(f) = -f. Let n(c) = 3*c + 6*c - 3*c - 4. Let i(z) = 5*j(z) + n(z). Let w(v) = -v**3 - 44*v**2 - 86*v - 79. Let t be w(-42). What is i(t)?
1
Let a(z) = z**3 + 4*z**2 - 6*z - 2. Let m(c) = 3*c - 94. Let r be m(30). Determine a(r).
22
Let p = 276 - 269. Let y(x) = -x**3 + 6*x**2 + x + 4*x + 9 - 1. Give y(p).
-6
Let q(g) = -3*g**2 + 2*g + 1. Let t(v) = -4*v**2 + 2*v + 1. Let o(n) = 3*q(n) - 2*t(n). Determine o(-1).
-2
Let x = 39 + -74. Let v be 4/14 - (-10)/x. Let h(m) = -m**3 - m**2 + m - 3. What is h(v)?
-3
Let n be ((-9)/(-3) - -1) + -1. Suppose -33 = 3*r + n. Let k = -6 - r. Let u(y) = y**2 - 9*y + 9. Determine u(k).
-9
Let j(o) be the second derivative of -o**5/20 + 5*o**4/12 - o**3/2 - 3*o**2/2 + o + 33. Calculate j(5).
-18
Let h(d) be the first derivative of -d**2/2 - 8*d - 80. Calculate h(-10).
2
Let t(h) = 7 + 7*h - 5*h - 8 - 11. Let i(o) = -8*o**3 - 2*o - 1. Let v be i(-1). Calculate t(v).
6
Let u = 47/12 + -37/12. Let w(h) be the third derivative of -1/6*h**4 + 1/60*h**5 + 0 + 0*h - 12*h**2 - u*h**3. Calculate w(6).
7
Let h(i) = i**3 - i**2 + 5*i - 5. Let g(u) = -2*u**3 + u**2 - 9*u + 9. Let z(l) = 4*g(l) + 7*h(l). Suppose -2 = -7*s + 8*s. Determine z(s).
-1
Let c(u) = 25 + 2*u**2 + 4*u + 4*u**2 - 9*u**2 + 2*u**2 - 19*u. Determine c(-18).
-29
Let g(a) = a**3 + 4*a**2 + 5. Let k = 183 + -187. Give g(k).
5
Let k(d) = -d + 1. Let i be k(-4). Let r(u) = 2 - i*u**2 + 4*u - 7*u + 5 + u**3. Let o = -63 - -68. What is r(o)?
-8
Let o(h) = 15*h**2 - 55*h + 99*h - 16 - 54*h + 2*h**3. What is o(-8)?
0
Let q(u) = -2*u - 2. Let k be q(-3). Suppose k*s - s - 15 = 0. Suppose s*d = 4*o + 45, -5*o - 20 = -o. Let l(c) = -c**3 + 5*c**2 - 1. Calculate l(d).
-1
Suppose 0 = -2*b - 37 - 11. Let q = b + 30. Suppose -q*w + 9 = -3. Let g(k) = k**2 - 2*k - 1. Determine g(w).
-1
Let l(u) = -25*u**2 + 33*u**2 - 2 + 1 - 21*u**2. What is l(-1)?
-14
Let g(v) = -v - 4. Let s be 6*(-3)/(-18)*-3. Calculate g(s).
-1
Let d(g) be the first derivative of -4*g**2 + 6*g + 28. Let k(v) = 15*v - 11. Let x(l) = -5*d(l) - 3*k(l). Calculate x(4).
-17
Let w(b) be the second derivative of -b**5/20 - 7*b**4/12 - 3*b**3/2 - 6*b**2 + b + 50. Give w(-6).
6
Let v be 0 + -1*16*-1. Let t = v + -21. Let p(g) = g**3 + 5*g**2 - g - 7. Determine p(t).
-2
Let t(l) = -l**3 - 7*l**2 + 9*l. Let z = 301 + -309. Determine t(z).
-8
Let c(g) = -g**3 - 2*g**2 - 4. Let i be c(-3). Suppose -25 = -4*v + 4*t - 5, -i*t - 23 = -4*v. Let p(n) = -3*n**2 - 2*n + 2. Give p(v).
-14
Suppose a + 4*a = 0. Let g(j) = -2*j**2 - 200184 + 3*j**2 + 200186. What is g(a)?
2
Suppose 2*g + 2*g - 28 = 0. Suppose -10 = -g*c - 59. Let t(i) = -i**3 - 6*i**2 + 8*i - 5. Give t(c).
-12
Let n(p) = -p. Let t be (2 + -18)/((-6)/3). Let k = t - 9. Let y(o) = 9*o - 3. Let x(u) = k*y(u) - n(u). Determine x(2).
-13
Let a(y) = y**3 - 9*y**2 + 8*y - 10. Let p be a(8). Let g = -9 - p. Let b(u) be the third derivative of 7*u**5/60 + 40*u**2. What is b(g)?
7
Let c(n) be the third derivative of -n**7/2520 + n**6/720 - n**5/20 + 3*n**2. Let t(j) be the third derivative of c(j). What is t(3)?
-5
Let l = -8 - -2. Let a(d) = 7 - 6 - 4 + 2 + d. What is a(l)?
-7
Let r(w) = -w**2 + 12*w + 31. Let d be r(14). Suppose 8 = 5*l - d*l. Let b(i) = i**2 - 2*i - 3. Give b(l).
5
Let y(q) = 4*q - 3 + 3*q - 14*q + q**2 + 5. Calculate y(7).
2
Let s(i) be the third derivative of i**6/144 - i**5/60 + 3*i**4/4 + 16*i**2. Let y(b) be the second derivative of s(b). Determine y(2).
8
Let n be -34 + 8 - (0 - 3). Let g = n - -43. Suppose 0 = 5*r - g, 3*r - r = 2*i - 2. Let a(d) = d**2 - 5*d + 1. Give a(i).
1
Let c(g) = g**2 - 5*g - 8. Let j(l) be the third derivative of -1/120*l**6 + 0 - 1/24*l**4 + 0*l - 1/10*l**5 + 0*l**3 - 9*l**2. Let x be j(-6). Give c(x).
-2
Let q(d) be the third derivative of d**4/12 + d**3/3 - 89*d**2 - 2. Calculate q(-1).
0
Let k(b) = b**2 + 2*b. Let h be (-10)/16*2*-4. Let d = 154 + -152. Suppose -r + d*r = -h. Calculate k(r).
15
Let f(s) = -s**3 + 13*s**2 + 3*s - 36. Let v be f(13). Let d(b) = 2*b - 4. Let g be d(v). Let a(y) = 4*y**2 - 3*y. Determine a(g).
10
Let g(x) = 5*x**2 - 12*x + 8. Let v(m) = -7*m**2 + 17*m - 12. Let u(d) = -11*g(d) - 8*v(d). Determine u(8).
40
Let p be ((0 + 0)*24/(-48))/1. Let u(j) = -j**3 - j**2 + 2*j + 12. Let i(l) = 3*l**3 + 4*l**2 - 7*l - 35. Let w(h) = 2*i(h) + 7*u(h). Calculate w(p).
14
Suppose -2*r = -o - 2, -5*r + 62 - 12 = 5*o. Let m(k) be the first derivative of -k**3/3 + 5*k**2/2 - 6*k + 237. Calculate m(o).
-12
Suppose 6*a + 5 - 23 = 0. Let f(i) be the first derivative of -1/3*i**a + 7*i - 2 - 1/2*i**2. What is f(0)?
7
Let s = 0 + 2. Suppose -16 = -5*n + 14. Suppose 0 = 4*t + s*j - 24, -n = -t - 2*j + j. Let g(h) = h**3 - 7*h**2 + 7*h - 9. Give g(t).
-3
Let k(h) = -h**2 + 3*h - 2. Suppose 29*c - 5*m = 24*c + 5, c - 2*m = 1. Give k(c).
0
Let q(g) = g**2 - g. Suppose -4*v - 15 = -87. Suppose -5*z - 2*j = -18, -2*j - v = -z - 3*z. Suppose w - 10 = z*d, w + 2*d - 8 = 5*d. What is q(w)?
2
Suppose -2*a = 4*t + 2*a + 4, 0 = 4*t + a + 1. Let q(f) = 7 + 5*f + t*f - 5*f - 3*f. Let j(z) = -z + 3. Let k(v) = -14*j(v) + 6*q(v). What is k(2)?
-8
Let v = -2672 - -2674. Let y(m) = m**3 - 4 + m - 3*m**2 + 2*m + 1. Give y(v).
-1
Let x = -1029 + 1033. Let j(m) = -m**3 + 7*m**2 - 3*m + 1. Give j(x).
37
Let x(l) be the first derivative of 3/2*l**2 + 9 + 4/3*l**3 - 1/4*l**4 - 2*l. Determine x(4).
10
Let c(k) be the first derivative of -1/20*k**5 - 2*k**2 - 5 + 0*k**4 - 1/6*k**3 + 0*k. Let j(d) be the second derivative of c(d). Calculate j(-1).
-4
Let a(w) = -6 + w**3 - 5*w - 7*w + 13*w. Let o(n) = -n**2 + 4*n + 4. Let l be o(4). Suppose -l*u = -9*u. Give a(u).
-6
Let s(r) = r**2 - 4*r - 3. Let b(j) = j - 10. Let p be b(14). Let m = p + 1. Suppose 28 = m*w - 2. Calculate s(w).
9
Let f(q) = -q**2 + 7*q - 5. Let v = 40 + -34. What is f(v)?
1
Suppose -9 + 0 = -3*i. Let f(d) = 6*d**2 + d - 4. Let g(h) = -6*h**2 + 3. Let o(j) = i*g(j) + 2*f(j). Give o(-1).
-7
Let p(x) = -x**2 + 3*x - 9. Let a = -255 - -261. Calculate p(a).
-27
Let k(t) = 3*t - 22. Let b be k(8). Let q(z) = 7*z**b - 5*z - 4 - 9 - z**3 - 7 + 14. Suppose 5 = 4*f - 19. Determine q(f).
0
Let a(